+ 4. Calculate the remainder when v is divided by 2.
1
Suppose 0 = -0*q + q - 16. Let c be (22/55)/(1/5). Suppose 2*i + 4*z = -4, -c*z + 2 = 2*i - 2. Calculate the remainder when q is divided by i.
4
Suppose -3*b - 42 + 2 = -o, -5 = 2*b - 5*o. Let h = -8 - b. Calculate the remainder when 42/(4 - 2) + -1 is divided by h.
6
Suppose -4*z + 4*x + 100 = 0, 3*x + 163 - 48 = 5*z. Let m = -18 + z. Calculate the remainder when 3 is divided by m.
1
Let f = -5 - -8. Suppose f*t - 5 - 4 = 0. Suppose 5*i - 43 = -t. What is the remainder when 15 is divided by i?
7
Let n(d) = 30*d - 4. Calculate the remainder when 103 is divided by n(1).
25
Let l = 7 - 4. Suppose -3*v + 9 = -l. What is the remainder when 11 is divided by v?
3
Suppose 2*j + j - 4*t - 35 = 0, 4*j - 2*t - 50 = 0. Suppose 0 = 3*u - 5 - j. Calculate the remainder when 21 is divided by u.
3
Suppose 3*x + 2*x = 0. Suppose x*i + 24 = 3*i. Let y = i + 9. What is the remainder when y is divided by 9?
8
Let f(t) = -t**2 - 4*t - 3. Let w be f(-3). Suppose -h + 23 = -w*h. What is the remainder when h is divided by 8?
7
Suppose 5*n + 2*q + 17 = 67, q + 40 = 4*n. Suppose 16 = 5*j - 4. What is the remainder when n is divided by j?
2
Let x = 2 + 2. Calculate the remainder when 57 is divided by (-90)/x*4/(-6).
12
Suppose 3*a = a. Suppose b + a = 10. Suppose -o = -14 - 25. Calculate the remainder when o is divided by b.
9
Let l = -35 - -50. What is the remainder when l is divided by 8?
7
Suppose -23 - 21 = -2*i. Calculate the remainder when (130/(-3))/(4/(-6)) is divided by i.
21
Let y be ((-6)/8)/((-1)/8). Let z(o) = -o**3 + 5*o**2 + 8*o + 1. Let r(b) = b + 7. What is the remainder when z(y) is divided by r(0)?
6
Let u = 25 + -39. Calculate the remainder when -4*(-4)/((-8)/u) is divided by 15.
13
What is the remainder when -2*(179/(-10) + (-3)/5) is divided by 21?
16
Let s = 110 - 37. Calculate the remainder when s is divided by (-4)/6 - 154/(-6).
23
Let d(m) = 5*m**2 - 2*m. Suppose -t - 4*y - 4 = 10, -t - y = -1. Let i be (t - 2)*1/(-2). What is the remainder when d(i) is divided by 13?
11
Suppose -8*j - 35 = -13*j. What is the remainder when j is divided by 4?
3
Suppose -2*w = -w - i - 18, 2*w - 3*i = 36. Calculate the remainder when w is divided by 12.
6
Suppose w = 3*i - 53 + 264, w - i = 217. What is the remainder when w is divided by 13?
12
Let w(q) = -2*q**3 - 5*q**2 + q - 4. Calculate the remainder when w(-4) is divided by (-3 - 4)*(-1 + -2).
19
Suppose 4*f - 6 = -2. What is the remainder when f is divided by 1?
0
Let l be 678/21 + (-2)/7. Let w = l + -9. What is the remainder when w is divided by 12?
11
Let p = 47 - 26. Calculate the remainder when p is divided by 12.
9
Let b(u) = -10*u**2 - 5*u - 7. Let j(y) = 5*y**2 + 3*y + 4. Let i(h) = -3*b(h) - 5*j(h). Calculate the remainder when 11 is divided by i(-1).
5
Let y = 72 + -49. Let h be (16/(-6))/(1/(-3)). Suppose -5*n = 3*w - 48, n + w + 0*w = h. Calculate the remainder when y is divided by n.
11
Suppose 0 = -2*o - 0*o. Suppose o*u - 56 = -4*u. What is the remainder when u is divided by 2/(((-10)/8)/(-5))?
6
Let z(q) = 0*q - 1 + q**2 - 3*q - 2*q. Let h = 21 - 9. Calculate the remainder when z(-4) is divided by h.
11
Suppose j - 10 = -j. What is the remainder when j is divided by 2?
1
Suppose 0 = 3*o + 11 - 152. Calculate the remainder when o is divided by 17.
13
Let h(q) = q**2 - 19*q + 34. Calculate the remainder when 63 is divided by h(18).
15
Let g be -2 + (348 + -1)/1. Suppose -2*i + g = i. What is the remainder when 21 is divided by 2/(-4) + i/10?
10
Let w = -74 - -216. Calculate the remainder when w is divided by 36.
34
Suppose -3*s + 1 = 7. What is the remainder when ((-2)/s)/((-1)/(-5)) is divided by 8/14 + (-34)/(-14)?
2
Let h(k) = -k**2 + 12*k + 9. Calculate the remainder when 139 is divided by h(9).
31
Let d(a) = 2*a**2 + 5*a + 2. Calculate the remainder when 27 is divided by d(-4).
13
Let a be (6/(-6))/(1/(-35)). Suppose 2*t - 151 = -a. What is the remainder when t is divided by 20?
18
Suppose -f + n = 12 + 2, -5*n = 4*f + 29. Let i = f - -15. Suppose 0 = i*l + l - 15, -z + l + 10 = 0. What is the remainder when 50 is divided by z?
11
Let b = 9 + -2. Let g(s) = 2*s**2 - 7*s - 7. Let q be g(b). Suppose -r = -5*m + r + q, -20 = -3*m - 4*r. What is the remainder when 30 is divided by m?
6
Let g(x) = -x - 6. Let h be g(-5). What is the remainder when h*1 + (-1 - -5) is divided by 1?
0
Suppose -2*i = -2*b - 546, 341 = -2*b - i - 196. Suppose -3*v + 41 = 5*n, -4*v - 13 = -3*n - 58. What is the remainder when (-1)/(-4) + b/(-8) is divided by v?
10
Let c be 84/24 + (-2)/4. Suppose v - 52 = -c*v. Let y(g) = -g**3 + 6*g**2 + g - 1. What is the remainder when v is divided by y(6)?
3
Let h(l) = l**3 - l**2 - 4*l + 3. Let z be h(2). Let w be (-95)/(-6) + z/(-6). What is the remainder when 31 is divided by (w/2)/(1/2)?
15
Let g = 3 + 5. Suppose -x - 10 = -5*f + 2, -4*f + 24 = 4*x. What is the remainder when g is divided by x?
2
Let x be 3*(0 + 2 + -3). Let r = -2 - x. What is the remainder when 2 is divided by r?
0
What is the remainder when 9/12 - (-1745)/20 is divided by 10?
8
Suppose 126 = 8*b - 5*b. What is the remainder when 167 is divided by b?
41
Suppose -h = 4*h - 4*l - 47, -4*h = 5*l - 13. Suppose -2*m + 3*v - 6 + 5 = 0, 4*v - 12 = 0. Calculate the remainder when h is divided by m.
3
Suppose 2*z = j - 35 + 115, -16 = 4*j. What is the remainder when 339 is divided by z?
35
Let j = 10 + 17. Calculate the remainder when j is divided by 6.
3
Let j(m) = 5*m**2 + m - 2. Calculate the remainder when 63 is divided by j(-2).
15
Suppose 3*v - 2*v + 3*w - 18 = 0, -5*v - 3*w = -126. Calculate the remainder when 66 is divided by v.
12
Let s(z) = -16*z - 1. Suppose 0 = h - 27 + 18. Calculate the remainder when s(-1) is divided by h.
6
Let x = -48 + 20. Let o(r) = r**2 + 3*r + 6. Calculate the remainder when o(-5) is divided by 4/14 - 244/x.
7
Suppose 0*s + 95 = s. Calculate the remainder when 9 is divided by s/30 + (-2)/12.
0
Calculate the remainder when -3*6/63 - 19272/(-77) is divided by 42.
40
Suppose -4*h + 0*h = -44. Let j(y) = 13*y + y - y**2 - 4*y - 10 + y. Calculate the remainder when j(5) is divided by h.
9
Let x(t) = -t - 7. Let l be x(-6). What is the remainder when 30 is divided by (5 + l - 2) + 14?
14
Let z be (-20)/(-8)*1*-2. Let u = z - -9. What is the remainder when 11 is divided by u?
3
Let i be (-20)/9 - (-4)/18. What is the remainder when (7 - -4)/(i/(-10)) is divided by 19?
17
Let h(z) = z**3 - 2*z**2 - 5*z - 1. Let p(u) = 2*u**2 - 2. Let r = -2 - 0. Calculate the remainder when h(4) is divided by p(r).
5
Let a = -10 - -19. Let o = -2 + a. Let s(w) = 4*w**2 + 3*w + 1. What is the remainder when s(-2) is divided by o?
4
Let t(a) = a**2 + 55*a + 24. Calculate the remainder when t(-55) is divided by -3*(14/(-3) - 0).
10
Let x = 35 + -20. Let j = 32 - x. What is the remainder when 32 is divided by j?
15
Let z(x) = -7*x + 1. Let c be z(-1). Suppose -u = -c - 27. Calculate the remainder when u is divided by 12.
11
Let q(g) = -4*g**3 + 2*g**2 - 2*g + 1. Let a be q(1). Let p = a + 4. Calculate the remainder when 11 is divided by 2/(p/(-2) + 1).
3
Calculate the remainder when 12 is divided by (-54)/(-7) + -6 + (-2)/(-7).
0
Let j(b) = -b + 1 + 0 + 9*b**3 + 2 - 9*b**2. Let y(n) = 5*n**3 - 5*n**2 - n + 2. Let c(x) = 4*j(x) - 7*y(x). What is the remainder when 23 is divided by c(2)?
7
Let y(j) = -j**3 - 7*j**2 - 5*j - 1. Let f be y(-6). Let k(u) = -u**2 - 8*u + 6. What is the remainder when 24 is divided by k(f)?
11
What is the remainder when 28 - (-3 - 1) - 4 is divided by 10?
8
Suppose -3*y - 86 = -332. What is the remainder when y is divided by 12?
10
Let r(l) = 4*l**3 - l - 1. What is the remainder when r(2) is divided by 8?
5
Let x = 21 + -14. Suppose a = -x + 4. Let v(y) = -4*y. What is the remainder when v(a) is divided by 5?
2
Let y = -84 - -177. What is the remainder when y is divided by 16?
13
Let x(w) = -5*w**3 + 18*w**2 - 14*w - 3. Let u(f) = -f**3 + f**2. Let i(b) = 4*u(b) - x(b). Calculate the remainder when 46 is divided by i(13).
14
Calculate the remainder when (104/(-10))/(2/(-10)) is divided by 30.
22
Let i = 114 + -94. Calculate the remainder when i is divided by 11.
9
Let o = 116 - 82. Let c = o + -17. What is the remainder